{"id":423,"date":"2019-11-22T09:01:48","date_gmt":"2019-11-22T08:01:48","guid":{"rendered":"https:\/\/couraubois224450043.wordpress.com\/?page_id=423"},"modified":"2026-01-15T19:10:02","modified_gmt":"2026-01-15T18:10:02","slug":"licences-affiliation","status":"publish","type":"page","link":"https:\/\/www.couraubois.be\/index.php\/licences-affiliation\/","title":{"rendered":"Licences &#038; Affiliation"},"content":{"rendered":"\n<p><strong><span style=\"text-decoration:underline;\">Prix de la licence de base Loisir L01 :<\/span><\/strong><\/p>\n\n\n\n<ul class=\"wp-block-list\">\n<li><mark style=\"background-color:rgba(0, 0, 0, 0)\" class=\"has-inline-color has-vivid-cyan-blue-color\">TARIF LICENCE POUR 2026 <\/mark><\/li>\n\n\n\n<li><strong>30 \u20ac \u00e0 partir de janvier jusqu&rsquo;au 31 d\u00e9cembre de l&rsquo;ann\u00e9e en cours<\/strong><\/li>\n\n\n\n<li>Vous avez vos chevaux chez vous, vous \u00eates dans un man\u00e8ge priv\u00e9 qui n&rsquo;est pas affili\u00e9 \u00e0 LEWB, nous pouvons vous affilier a notre club.<\/li>\n<\/ul>\n\n\n\n<p>Elle inclut une assurance cavalier ou meneur en dommages corporels et responsabilit\u00e9 civile.<\/p>\n\n\n\n<p>Pour une information compl\u00e8te concernant cette assurance, visitez la&nbsp; rubrique&nbsp;<a href=\"http:\/\/www.lewb.be\/services\/assurances\/assurances-pour-cavaliers\" target=\"_blank\" rel=\"noreferrer noopener\">Assurances<\/a>&nbsp;de ce site.<\/p>\n\n\n\n<p>La licence doit se contracter via un club affili\u00e9. Vous payez alors votre licence directement \u00e0 ce club. Vous trouverez les cat\u00e9gories de licences dans la rubrique<\/p>\n\n\n\n<p>Ci dessous Tarif de la LEWB pour toutes les licences (prix a titre indicatif, la ligue peut \u00e0 tout moment modifier ceux-ci).<\/p>\n\n\n\n<p><strong><span style=\"text-decoration:underline;\">Affiliation au club :<\/span> <\/strong><\/p>\n\n\n\n<p><strong>70 \u20ac par an payable dans le courant du mois de janvier elle est valable jusqu&rsquo;au 31 d\u00e9cembre.<\/strong><br><mark style=\"background-color:rgba(0, 0, 0, 0)\" class=\"has-inline-color has-vivid-green-cyan-color\">( n&rsquo;oubliez pas de demander \u00e0 votre mutuelle le document \u00e0 remplir par votre cercle, la plupart de celle ci vous rembourse pour une activit\u00e9 sportive 50 euros par an et par personne )<\/mark>.<\/p>\n\n\n\n<p class=\"has-vivid-red-color has-text-color\"><strong>ATTENTION pour des raisons d&rsquo;assurance aucun cavalier ne sera autoris\u00e9 \u00e0 utiliser les infrastructures du man\u00e8ge sans sa licence en ordre.<\/strong><\/p>\n\n\n\n<p><\/p>\n","protected":false},"excerpt":{"rendered":"<p>Prix de la licence de base Loisir L01 : Elle inclut une assurance cavalier ou meneur en dommages corporels et responsabilit\u00e9 civile. Pour une information compl\u00e8te concernant cette assurance, visitez la&nbsp; rubrique&nbsp;Assurances&nbsp;de ce site. La licence doit se contracter via un club affili\u00e9. Vous payez alors votre licence directement \u00e0 ce club. Vous trouverez les [&hellip;]<\/p>\n","protected":false},"author":1,"featured_media":0,"parent":0,"menu_order":0,"comment_status":"closed","ping_status":"closed","template":"","meta":{"ngg_post_thumbnail":0,"ocean_post_layout":"","ocean_both_sidebars_style":"","ocean_both_sidebars_content_width":0,"ocean_both_sidebars_sidebars_width":0,"ocean_sidebar":"","ocean_second_sidebar":"","ocean_disable_margins":"enable","ocean_add_body_class":"","ocean_shortcode_before_top_bar":"","ocean_shortcode_after_top_bar":"","ocean_shortcode_before_header":"","ocean_shortcode_after_header":"","ocean_has_shortcode":"","ocean_shortcode_after_title":"","ocean_shortcode_before_footer_widgets":"","ocean_shortcode_after_footer_widgets":"","ocean_shortcode_before_footer_bottom":"","ocean_shortcode_after_footer_bottom":"","ocean_display_top_bar":"default","ocean_display_header":"default","ocean_header_style":"","ocean_center_header_left_menu":"","ocean_custom_header_template":"","ocean_custom_logo":0,"ocean_custom_retina_logo":0,"ocean_custom_logo_max_width":0,"ocean_custom_logo_tablet_max_width":0,"ocean_custom_logo_mobile_max_width":0,"ocean_custom_logo_max_height":0,"ocean_custom_logo_tablet_max_height":0,"ocean_custom_logo_mobile_max_height":0,"ocean_header_custom_menu":"","ocean_menu_typo_font_family":"","ocean_menu_typo_font_subset":"","ocean_menu_typo_font_size":0,"ocean_menu_typo_font_size_tablet":0,"ocean_menu_typo_font_size_mobile":0,"ocean_menu_typo_font_size_unit":"px","ocean_menu_typo_font_weight":"","ocean_menu_typo_font_weight_tablet":"","ocean_menu_typo_font_weight_mobile":"","ocean_menu_typo_transform":"","ocean_menu_typo_transform_tablet":"","ocean_menu_typo_transform_mobile":"","ocean_menu_typo_line_height":0,"ocean_menu_typo_line_height_tablet":0,"ocean_menu_typo_line_height_mobile":0,"ocean_menu_typo_line_height_unit":"","ocean_menu_typo_spacing":0,"ocean_menu_typo_spacing_tablet":0,"ocean_menu_typo_spacing_mobile":0,"ocean_menu_typo_spacing_unit":"","ocean_menu_link_color":"","ocean_menu_link_color_hover":"","ocean_menu_link_color_active":"","ocean_menu_link_background":"","ocean_menu_link_hover_background":"","ocean_menu_link_active_background":"","ocean_menu_social_links_bg":"","ocean_menu_social_hover_links_bg":"","ocean_menu_social_links_color":"","ocean_menu_social_hover_links_color":"","ocean_disable_title":"default","ocean_disable_heading":"default","ocean_post_title":"","ocean_post_subheading":"","ocean_post_title_style":"","ocean_post_title_background_color":"","ocean_post_title_background":0,"ocean_post_title_bg_image_position":"","ocean_post_title_bg_image_attachment":"","ocean_post_title_bg_image_repeat":"","ocean_post_title_bg_image_size":"","ocean_post_title_height":0,"ocean_post_title_bg_overlay":0.5,"ocean_post_title_bg_overlay_color":"","ocean_disable_breadcrumbs":"default","ocean_breadcrumbs_color":"","ocean_breadcrumbs_separator_color":"","ocean_breadcrumbs_links_color":"","ocean_breadcrumbs_links_hover_color":"","ocean_display_footer_widgets":"default","ocean_display_footer_bottom":"default","ocean_custom_footer_template":"","footnotes":""},"class_list":["post-423","page","type-page","status-publish","hentry","entry","owp-thumbs-layout-horizontal","owp-btn-normal","owp-tabs-layout-horizontal","has-no-thumbnails","has-product-nav"],"_links":{"self":[{"href":"https:\/\/www.couraubois.be\/index.php\/wp-json\/wp\/v2\/pages\/423","targetHints":{"allow":["GET"]}}],"collection":[{"href":"https:\/\/www.couraubois.be\/index.php\/wp-json\/wp\/v2\/pages"}],"about":[{"href":"https:\/\/www.couraubois.be\/index.php\/wp-json\/wp\/v2\/types\/page"}],"author":[{"embeddable":true,"href":"https:\/\/www.couraubois.be\/index.php\/wp-json\/wp\/v2\/users\/1"}],"replies":[{"embeddable":true,"href":"https:\/\/www.couraubois.be\/index.php\/wp-json\/wp\/v2\/comments?post=423"}],"version-history":[{"count":7,"href":"https:\/\/www.couraubois.be\/index.php\/wp-json\/wp\/v2\/pages\/423\/revisions"}],"predecessor-version":[{"id":1621,"href":"https:\/\/www.couraubois.be\/index.php\/wp-json\/wp\/v2\/pages\/423\/revisions\/1621"}],"wp:attachment":[{"href":"https:\/\/www.couraubois.be\/index.php\/wp-json\/wp\/v2\/media?parent=423"}],"curies":[{"name":"wp","href":"https:\/\/api.w.org\/{rel}","templated":true}]}}